{"version":"1.0","provider_name":"NawaRo Straubing - Talents","provider_url":"https:\/\/www.nawaro-straubing.de\/talents","title":"Annika, Hannah und Lara f\u00fcr Bundespokal nominiert - NawaRo Straubing - Talents","type":"rich","width":600,"height":338,"html":"<blockquote class=\"wp-embedded-content\" data-secret=\"FatEWbnhRb\"><a href=\"https:\/\/www.nawaro-straubing.de\/talents\/news\/annika-hannah-und-lara-fuer-bundespokal-nominiert\/\">Annika, Hannah und Lara f\u00fcr Bundespokal nominiert<\/a><\/blockquote><iframe sandbox=\"allow-scripts\" security=\"restricted\" src=\"https:\/\/www.nawaro-straubing.de\/talents\/news\/annika-hannah-und-lara-fuer-bundespokal-nominiert\/embed\/#?secret=FatEWbnhRb\" width=\"600\" height=\"338\" title=\"&#8222;Annika, Hannah und Lara f\u00fcr Bundespokal nominiert&#8220; &#8211; NawaRo Straubing - Talents\" data-secret=\"FatEWbnhRb\" frameborder=\"0\" marginwidth=\"0\" marginheight=\"0\" scrolling=\"no\" class=\"wp-embedded-content\"><\/iframe><script type=\"text\/javascript\">\n\/* <![CDATA[ *\/\n\/*! This file is auto-generated *\/\n!function(d,l){\"use strict\";l.querySelector&&d.addEventListener&&\"undefined\"!=typeof URL&&(d.wp=d.wp||{},d.wp.receiveEmbedMessage||(d.wp.receiveEmbedMessage=function(e){var t=e.data;if((t||t.secret||t.message||t.value)&&!\/[^a-zA-Z0-9]\/.test(t.secret)){for(var s,r,n,a=l.querySelectorAll('iframe[data-secret=\"'+t.secret+'\"]'),o=l.querySelectorAll('blockquote[data-secret=\"'+t.secret+'\"]'),c=new RegExp(\"^https?:$\",\"i\"),i=0;i<o.length;i++)o[i].style.display=\"none\";for(i=0;i<a.length;i++)s=a[i],e.source===s.contentWindow&&(s.removeAttribute(\"style\"),\"height\"===t.message?(1e3<(r=parseInt(t.value,10))?r=1e3:~~r<200&&(r=200),s.height=r):\"link\"===t.message&&(r=new URL(s.getAttribute(\"src\")),n=new URL(t.value),c.test(n.protocol))&&n.host===r.host&&l.activeElement===s&&(d.top.location.href=t.value))}},d.addEventListener(\"message\",d.wp.receiveEmbedMessage,!1),l.addEventListener(\"DOMContentLoaded\",function(){for(var e,t,s=l.querySelectorAll(\"iframe.wp-embedded-content\"),r=0;r<s.length;r++)(t=(e=s[r]).getAttribute(\"data-secret\"))||(t=Math.random().toString(36).substring(2,12),e.src+=\"#?secret=\"+t,e.setAttribute(\"data-secret\",t)),e.contentWindow.postMessage({message:\"ready\",secret:t},\"*\")},!1)))}(window,document);\n\/\/# sourceURL=https:\/\/www.nawaro-straubing.de\/talents\/wp-includes\/js\/wp-embed.min.js\n\/* ]]> *\/\n<\/script>\n","thumbnail_url":"https:\/\/www.nawaro-straubing.de\/talents\/wp-content\/uploads\/sites\/2\/2023\/10\/semmler-rust-1-e1698153486304.jpg","thumbnail_width":819,"thumbnail_height":385,"description":"Drei Talente von NawaRo Straubing sind von bayerischen Landestrainer Werner Kiermaier f\u00fcr den anstehenden Bundespokal U18 (25.-27. Oktober) in Schwerin nominiert. Neben Hannah Semmler, die zuletzt im Bundesligateam von NawaRo \u00fcberzeugte, sind auch die Annika Rust und Lara Bamberger in den Bayernauswahlkader f\u00fcr den Bundespokal berufen worden. Die drei M\u00e4dels machen sich bereits am 21. Oktober auf nach Oberhaching. Dort holt sich die Bayernauswahl in der Sportschule den letzten Schliff, ehe es am 24. Oktober weiter nach Schwerin geht. In der PALMBERG-Arena wird am 25. Oktober der Bundespokal gestartet. Dieser endet am Sonntag, 27. Oktober mit den Finalspielen der M\u00e4dchen und Jungen. Gut m\u00f6glich, dass dann auch die Teams aus Bayern auf dem Feld stehen werden. Auf der Homepage des DVV findet ihr Infos zum Bundespokal U18"}

Annika, Hannah und Lara für Bundespokal nominiert - NawaRo Straubing - Talents

<blockquote class="wp-embedded-content" data-secret="FatEWbnhRb"><a href="https://www.nawaro-straubing.de/talents/news/annika-hannah-und-lara-fuer-bundespokal-nominiert/">Annika, Hannah und Lara für Bundespokal nominiert</a></blockquote><iframe sandbox="allow-scripts" security="restricted" src="https://www.nawaro-straubing.de/talents/news/annika-hannah-und-lara-fuer-bundespokal-nominiert/embed/#?secret=FatEWbnhRb" width="600" height="338" title="&#8222;Annika, Hannah und Lara für Bundespokal nominiert&#8220; &#8211; NawaRo Straubing - Talents" data-secret="FatEWbnhRb" frameborder="0" marginwidth="0" marginheight="0" scrolling="no" class="wp-embedded-content"></iframe><script type="text/javascript">
/* <![CDATA[ */
/*! This file is auto-generated */
!function(d,l){"use strict";l.querySelector&&d.addEventListener&&"undefined"!=typeof URL&&(d.wp=d.wp||{},d.wp.receiveEmbedMessage||(d.wp.receiveEmbedMessage=function(e){var t=e.data;if((t||t.secret||t.message||t.value)&&!/[^a-zA-Z0-9]/.test(t.secret)){for(var s,r,n,a=l.querySelectorAll('iframe[data-secret="'+t.secret+'"]'),o=l.querySelectorAll('blockquote[data-secret="'+t.secret+'"]'),c=new RegExp("^https?:$","i"),i=0;i<o.length;i++)o[i].style.display="none";for(i=0;i<a.length;i++)s=a[i],e.source===s.contentWindow&&(s.removeAttribute("style"),"height"===t.message?(1e3<(r=parseInt(t.value,10))?r=1e3:~~r<200&&(r=200),s.height=r):"link"===t.message&&(r=new URL(s.getAttribute("src")),n=new URL(t.value),c.test(n.protocol))&&n.host===r.host&&l.activeElement===s&&(d.top.location.href=t.value))}},d.addEventListener("message",d.wp.receiveEmbedMessage,!1),l.addEventListener("DOMContentLoaded",function(){for(var e,t,s=l.querySelectorAll("iframe.wp-embedded-content"),r=0;r<s.length;r++)(t=(e=s[r]).getAttribute("data-secret"))||(t=Math.random().toString(36).substring(2,12),e.src+="#?secret="+t,e.setAttribute("data-secret",t)),e.contentWindow.postMessage({message:"ready",secret:t},"*")},!1)))}(window,document);
//# sourceURL=https://www.nawaro-straubing.de/talents/wp-includes/js/wp-embed.min.js
/* ]]> */
</script>

Drei Talente von NawaRo Straubing sind von bayerischen Landestrainer Werner Kiermaier für den anstehenden Bundespokal U18 (25.-27. Oktober) in Schwerin nominiert. Neben Hannah Semmler, die zuletzt im Bundesligateam von NawaRo überzeugte, sind auch die Annika Rust und Lara Bamberger in den Bayernauswahlkader für den Bundespokal berufen worden. Die drei Mädels machen sich bereits am 21. Oktober auf nach Oberhaching. Dort holt sich die Bayernauswahl in der Sportschule den letzten Schliff, ehe es am 24. Oktober weiter nach Schwerin geht. In der PALMBERG-Arena wird am 25. Oktober der Bundespokal gestartet. Dieser endet am Sonntag, 27. Oktober mit den Finalspielen der Mädchen und Jungen. Gut möglich, dass dann auch die Teams aus Bayern auf dem Feld stehen werden. Auf der Homepage des DVV findet ihr Infos zum Bundespokal U18
